 -6)*(1 + -7). Give n(o).
19
Let p(b) = b**2 - 23*b + 45. Let s = -2055 - -2077. Determine p(s).
23
Let h(k) = -37*k**3 + 76*k**2 - 94*k + 141. Let w(b) = 13*b**3 - 26*b**2 + 31*b - 47. Let i(g) = -6*h(g) - 17*w(g). Calculate i(11).
-3
Suppose 4*k = 4 - 28. Let s = -2 + 4. Let r(j) = s*j - j**2 + 2*j**2 + 4*j + 1. What is r(k)?
1
Let m(x) be the second derivative of x**3 + 1/8*x**4 + 3*x**2 + 0 - 9*x. Let f(a) be the first derivative of m(a). Give f(-5).
-9
Let h be (-2)/16 + 53/424. Let o(a) = a**3 - a**2 - 4*a - 3. Let j be o(h). Let z(i) = -i**2 + 2*i - 3. Calculate z(j).
-18
Let m be 1/4 + 154/88 + -11. Let g(z) = -15*z - 138. Calculate g(m).
-3
Let r(q) = q**3 + 33*q**2 + 57*q - 117. Let m be r(-31). Let y(u) = -13*u - 11*u - 5 - 3*u + m*u - 13*u. Determine y(-6).
7
Suppose -39 + 17 = -11*j. Let k(y) = 2686*y**j + 0*y + 3*y + 2 - 2683*y**2 - 7. Give k(-4).
31
Let u(s) = -3*s**2 + 6*s - 3. Let x(a) = -5*a**2 + 14*a - 6. Let r(h) = 9*u(h) - 4*x(h). Let y be (-3)/(3/18*9). Determine r(y).
-27
Let y be (2 - 5)/(1034/(-44) + 24). Let g(k) = k**3 + 10*k**2 + 7*k - 11. Give g(y).
91
Let i(s) = -s - 2*s - 2 - 6*s**2 + 2*s**2 - s**3. Let r = -3455 + 3451. Calculate i(r).
10
Let b(f) = -106667*f**3 + 106668*f**3 - 2 - 3*f + f + 2*f**2. Let a be 140/(-44) - 4/(-22). Calculate b(a).
-5
Let k(o) = -6*o + 12. Let l(a) = a - 2. Let p = -51 - -55. Suppose p*f + 0*f + 24 = 0. Let i(d) = f*k(d) - 34*l(d). Calculate i(-3).
-10
Let v(c) = -4*c**3 + 2*c**2 + 4*c + 3. Let d be (-280)/392 + 6/(-21). Calculate v(d).
5
Let r(m) = m**2 + 8*m - 5. Let i = 5488 + -5492. What is r(i)?
-21
Let b(z) = 12*z**2 + 106*z - 144. Let a be b(-10). Let l(c) = 15*c**2 + 60*c. Determine l(a).
0
Let v(k) = -3*k + 8. Let g be v(2). Let s(c) = 157*c**g - 4*c - 1 + 2*c - 158*c**2. Calculate s(-6).
-25
Suppose 1 = 8*x - 63. Let f(q) = 6 + 0 - x + 2*q + 0. Calculate f(7).
12
Let g(k) be the third derivative of k**7/2520 - k**6/360 + k**5/20 + 49*k**4/8 + k**2 + 74. Let t(b) be the second derivative of g(b). Calculate t(5).
21
Let s(q) = -q**2 + 5*q - 2. Suppose 4*l + 236 = 3*r, 19*l + 59 = 18*l - 5*r. Let b be (l - -73)/((-7)/(-2)). Determine s(b).
2
Let v(m) = 11*m - 161. Let a = -3609 + 3624. Determine v(a).
4
Let n(d) = d**3 - 3*d**2 - d + 3. Suppose -5*m + 2*m + m = 0. Let j(p) = -p**3 - p - 3. Let z be j(m). Let f be z/(-3 - -3 - 1). Determine n(f).
0
Let i be 2/16 - 11/((-264)/(-27)). Let l(z) = z**2 + 1. Let g(f) = -f - 1. Let b(w) = 8. Let t(y) = b(y) + 3*g(y). Let s(r) = i*t(r) + l(r). Calculate s(-4).
0
Let g = 26 + -24. Suppose -m + g*s + 5 = -20, -3*s + 22 = 2*m. Let l(c) = -3 - m*c + 6*c + 10*c + 1. What is l(-5)?
3
Let s(i) be the second derivative of -1/3*i**3 + 0 - 1/12*i**4 + 8*i + 3/2*i**2. Determine s(4).
-21
Let q(t) = t + 7. Let p = 574 - 569. Suppose 0 = u - 2. Suppose p*f = 4*y - 25, u*y = 4*f - 2*y + 20. What is q(f)?
2
Let s = -30 + 33. Let l be 2/s - (-104)/24. Let m(z) = -7 + 9*z**2 - 7*z**2 + 0*z + 4*z + 4*z + z**2 - z**3. Give m(l).
-17
Let m(n) = -n**3 + n**2 + n + 21. Suppose -w - 2*j + 314 = 0, -w + 4*j + 932 = 2*w. Let g = 312 - w. Calculate m(g).
21
Let k(w) = -24*w**2 + 157*w - 97. Let z be k(6). Let q(r) = r**3 + 19*r**2 - 2*r - 45. Give q(z).
-7
Let u(k) be the first derivative of k**4/4 - 10*k**3/3 - 17*k**2/2 + k - 775. Give u(11).
-65
Let v = -33 + 34. Let i(c) = -29*c**3 - v + 28*c**3 + c**2 - 8*c + 8*c. Calculate i(-1).
1
Let x = 6 + -15. Let r = 0 - x. Let m(l) = 3*l - 30. Let v be m(r). Let d(q) = q + 3. Calculate d(v).
0
Suppose 5*l - 26 = -6*o, -16 = 9*o - 13*o - 4*l. Let t(a) = 2*a**2 - 19*a + 73. What is t(o)?
31
Let g(r) = r**2 + 12*r + 18. Let m be -4 + 8 - (-2 - 1). Suppose -m*l - 47 = 23. What is g(l)?
-2
Suppose -3*c = 2*a + 14, 0 = 5*a + 2 + 3. Let k(z) = -1 + 170*z**2 + 3*z**3 + 3*z - 4*z**3 - 173*z**2. Give k(c).
3
Let p(z) = -z**3 - 6*z**2 - 3*z + 4. Suppose 0 = 5*a + u + 21, 2*a - 2*u + 35 = 17. What is p(a)?
-6
Let a(j) = -j**2 + 21*j + 36. Let k(v) = -2*v**2 + 31*v + 50. Let q(w) = -7*a(w) + 5*k(w). What is q(2)?
2
Suppose 0 = -5*l + 3*l + 8. Suppose 5*q + w - 28 = 0, -4*q + 27 = -q + l*w. Let g(c) = 3830 - c**2 + 3832 + 8*c - 7665. Determine g(q).
12
Suppose -2*a = -3*x + 4, 0 = a - 178*x + 177*x. Let s(n) = 10*n - 75. Give s(a).
-35
Let z = 135 - 136. Let g be (-45 - -44)*(-10)/(z - 1). Let y(q) = -3*q - 4. Give y(g).
11
Let t(p) be the third derivative of 0 - 125*p**2 - 1/12*p**5 - 1/120*p**6 - 1/12*p**4 + 0*p - 1/6*p**3. Determine t(-4).
-9
Let t(f) = 2*f**3 - 17*f + 1. Let s(k) = -3*k**3 + 7*k**2 + 37*k + 10. Let c(q) = s(q) + 2*t(q). Give c(-5).
47
Let t be (17/34)/((-3)/(-234)). Suppose -4*u - 3*g = 35, 2*u + g = 7*u + t. Let y(n) = n**2 + 8*n + 10. Give y(u).
10
Let m be (-929 - -931) + 10/(-2). Let b(t) = 2*t**2 - 16*t - 56. Calculate b(m).
10
Let n(m) = -m**3 - m**2 - 21*m - 33. Let h(y) = -2*y**3 - 4*y**2 - 42*y - 65. Let o(v) = 5*h(v) - 9*n(v). What is o(-9)?
-1
Let u(x) = 10*x**2 - 74*x + 12. Let c(q) = 3*q**3 - 141*q**2 - 22*q + 1041. Let h be c(47). Determine u(h).
-16
Let b(d) be the first derivative of -d**5/20 + 7*d**4/12 + 3*d**3/2 + d**2/2 + 57*d - 9. Let z(q) be the first derivative of b(q). Give z(8).
9
Let f(p) be the first derivative of p**2/2 - 132. Let s(l) = 8*l**2 + 3*l + 1. Let z be (39/(-26))/((-3)/2). Let m(t) = z*s(t) - 3*f(t). Give m(-1).
9
Let w(z) = 3768*z + 7531. Let l be w(-2). Let b(t) = 3 - 2*t + 4 - 3. Determine b(l).
14
Let w(a) = -1 + 4*a - 1019*a**2 - 4*a + 1001*a**2. Suppose -3*s + 48 = 9*s. Suppose 3*f + j = 2 - s, -f - 3*j = 14. What is w(f)?
-19
Let o be (-20)/(-16)*4*1. Let n(g) = g + 2. Suppose 6 = -8*r + 2*r. Let z(b) = -2*b + 1. Let t(f) = r*z(f) - n(f). Determine t(o).
2
Let s(r) = 5*r**3 + 1 - 8*r**3 + 20455*r**2 - 20453*r**2. Calculate s(-2).
33
Let j be (4/(-14)*2)/((-100)/350). Let s(t) = 9*t**2 - 11*t**j + 3*t**2 + 16*t + 141 - 117. Give s(-14).
-4
Let k(v) = v**3 - 3*v**2 - 14*v + 10. Let b be ((8/3)/2)/((-8)/(-30)). Calculate k(b).
-10
Let v(j) = -8*j**3 + 67*j + 2*j**3 - 128*j + 66*j - 5*j**2 + 7*j**3 - 2. Let h(y) = -6*y**3 - y**2 + 1. Let u be h(-1). Suppose 6 + u = 3*x. Give v(x).
2
Let g = 28509 + -28501. Let n(i) = i**2 - 51*i + 348. What is n(g)?
4
Let p(t) = -19*t**3 + 30*t**2 + 17*t + 26. Let m(j) = 7*j**3 - 11*j**2 - 6*j - 9. Let u(r) = -11*m(r) - 4*p(r). What is u(-2)?
11
Let y(t) = -t - 74. Suppose 0 = 4*m + 3*v + 273, 190*m - 226 = 193*m - 2*v. What is y(m)?
-2
Let o(k) = k**3 - 9*k**2 + 7*k - 10. Let z be o(6). Let r be 2/9 - 2*z/(-36). Let m be r/(-6 + 2)*-2. Let b(x) = -x**3 - 3*x**2 - 3*x. Give b(m).
2
Let z(b) = 6*b + 45. Let m be z(5). Let v(u) = -20 + 23 + 78*u - m*u. Determine v(-2).
-3
Let z(y) = -5*y**2 + 20*y. Let i = 111 - 107. Let u be z(i). Let c(s) = 0*s**2 + s**2 + 4*s**3 - 3*s**3 - 2. What is c(u)?
-2
Suppose -16*a = -61 - 19. Let v(y) = -y + 1. Let g(i) = 2*i - 1. Let h(j) = a*v(j) + 3*g(j). Calculate h(-7).
-5
Let b(r) = 2*r - 519 - 495 - 497 + 1529. Calculate b(-10).
-2
Suppose 0 = -r + 3*q, -q + 32 = 4*r + r. Let p(l) = 2 + 2*l + l**3 + l - r + 5*l**2. Let n(b) = b**2 + 67*b - 442. Let y be n(6). Calculate p(y).
0
Let d(w) = -48*w**2 + 8*w - 55. Let s(c) = -17*c**2 + 3*c - 18. Let o(z) = 6*d(z) - 17*s(z). Let p = 658 + -652. Determine o(p).
-6
Let g(n) be the first derivative of -n**2/2 - n + 4. Let q(d) = d**3 + 15*d**2 + 10*d - 64. Let l be q(-14). What is g(l)?
7
Let t be (2 - 5)*(2 - 3). Let c(j) = 7*j**2 - 23*j + 6. Let q be c(t). Let m(s) = 2*s - 9. Determine m(q).
-9
Let d(u) = -11*u**3 - 3*u**2 - 18*u + 14. Let g(b) = -4*b**3 - b**2 - 3*b. Let c(x) = d(x) - 3*g(x). Determine c(3).
14
Let k(c) be the second derivative of c**5/20 - 2*c**4/3 + 7*c**3/6 + 11*c**2/2 + 26*c + 16. Calculate k(6).
-19
Suppose 794*s - 793*s + 728 = 0. Let l = 713 + s. Let w(p) = p**2 + 17*p + 28. Determine w(l).
-2
Let a(y) = 9*y**2 - 188*y - 561. Let g be a(-3). Let k(f) = 86*f - 1. Let d be k(1). Let l = g - d. Let w(q) = -5*q**2 - q - 1. Give w(l).
-5
Let s(g) = -18*g + 21 - 7 + 7 - 39 + 11*g**2 + g**3. Give s(-12).
54
Let w(x) = 3*x**2 - 29*x - 2. Let l = -13297 + 13309. Give w(l).
82
Let v be 8/3 + (-4)/6. Let f(i) = -2*i**2 + 18*i - 13. Let t be f(8). Let y(r) = -568*r + 1 + 1140*r - 562*r - t. Give y(v).
18
Let t(q) = 13*q**2 - q. Let a(f) 